{"id":556,"date":"2016-03-10T11:39:05","date_gmt":"2016-03-10T10:39:05","guid":{"rendered":"http:\/\/media-liquid.de\/?page_id=556"},"modified":"2016-03-10T11:39:05","modified_gmt":"2016-03-10T10:39:05","slug":"marko-lulic-eine-persoenliche-annaeherung","status":"publish","type":"page","link":"http:\/\/media-liquid.de\/?page_id=556","title":{"rendered":"Marko Luli\u0107 \u2013 eine pers\u00f6nliche Ann\u00e4herung"},"content":{"rendered":"<p>Text zur Ausstellung <a href=\"https:\/\/www.museum-folkwang.de\/de\/aktuelles\/ausstellungen\/archiv\/ausstellen.html\" target=\"_blank\">AUSSTELLEN<\/a>.\u00a0im Museum Folkwang, Essen<\/p>\n<p><em>Unsre Heimat,<\/em><br \/>\n<em>\u2028das sind nicht nur die St\u00e4dte und D\u00f6rfer,<\/em><br \/>\n<em>\u2028unsre Heimat sind auch all die B\u00e4ume im Wald.\u2028<\/em><\/p>\n<p><em>Unsre Heimat ist das Gras auf der Wiese,<\/em><br \/>\n<em>\u2028das Korn auf dem Feld und die V\u00f6gel in der Luft<\/em><br \/>\n<em>\u2028und die Tiere der Erde und die Fische im Flu\u00df<\/em><br \/>\n<em>\u2028sind die Heimat.\u2028<\/em><\/p>\n<p><em>Und wir lieben die Heimat, die sch\u00f6ne,<\/em><br \/>\n<em>\u2028und wir sch\u00fctzen sie, weil sie dem Volke geh\u00f6rt,\u2028<\/em><br \/>\n<em>weil sie unserem Volke geh\u00f6rt.<\/em><\/p>\n<p>(Text: Herbert Keller, Komposition: Hans Naumilkat)<\/p>\n<p>Ich habe diese Zeilen gesungen, in einem Land, das es nicht mehr gibt. 2011 stellte ich dieses Lied meiner Freundin vor, die in einem Land lebt, das es noch gibt.<\/p>\n<p>Eine unspezifische Erinnerung brachte mich darauf. Eine Erinnerung an unterschwellige Propaganda: Wurde ich als singendes Kind benutzt und verbreitete gleichzeitig selbst Propaganda? Und wenn ich benutzt wurde \u2013 von wem? Von der staatlichen Gewalt?<\/p>\n<p>Als Jungpionier der DDR trug ich eine Fantasieuniform in vermeintlich international-sozialistischer Einheitlichkeit, befolgte Fantasiegebote und war als Mitglied des Klassenrates verantwortlich f\u00fcr die Wandzeitung und die Pflege von Sukkulenten.\u2028 Im Gespr\u00e4ch und in der Besch\u00e4ftigung mit Marko Luli\u0107 im Jahr 2013 komme ich wieder auf dieses Lied. Luli\u0107s Arbeiten stolpern durch die Welt, seine Welt, unsre Welt. Er ist Beobachter, Sprecher und Regisseur. \u201eStolpern\u201c meint dabei das Aufzeichnen und Bearbeiten, das Analysieren von Reibungsstellen, das H\u00e4ngenbleiben.<\/p>\n<p>Der Sozialismus hatte in den verschiedenen Staaten verschiedene Auspr\u00e4gungen. Was bleibt, ist die Erfahrung eines diktatorischen F\u00fchrungsstils, kommunistischer \u00dcberzeugungsarbeit und eines vom Volke ausgehenden Aufstands. Hinzuaddiert sich die Erfahrung der westlichen Welt \u2013 und das bewusst im Pr\u00e4sens: Es ist eine t\u00e4gliche Auseinandersetzung, in einem anderen System zu leben. Ein M\u00e4andern zwischen Kulturdenkm\u00e4lern, Abrissen und Neubauten, Utopien und deren Ein- oder Nichteinl\u00f6sung, Menschen aus verschiedenen Zeiten, Stasi und PRISM, Mauern und Schutzw\u00e4llen, Schlupfl\u00f6chern. Heute \u2013 eine Zeit der Gleichzeitigkeit: Neuaufbau der Frauenkirche in Dresden vs. Abriss des Palastes der Republik (eine Siegergeste?), Putin vs. Pussy Riot, Stephan Balkenhols Holzfiguren aus Pappel vs. Karl-Marx-Monument in Chemnitz, Ernst-Th\u00e4lmann-Stra\u00dfe vs. Konrad-Adenauer-Ring vs. Kirchplatz vs. Siemensstra\u00dfe vs. Feldweg vs. Einbahnstra\u00dfe vs. Autobahn vs. Gleisbett.<\/p>\n<p>F\u00fcr die Ausstellung AUSSTELLEN hat Marko Luli\u0107 eine neue Arbeit realisiert: Auf einer roten Wand steht in wei\u00dfer Schrift ausstehlen. Es ist hier ganz klar der Bezug zum Museum gew\u00e4hlt: Die Schrift ist im Schnitt der Hausschrift gehalten, Schrift- und Hintergrundfarbe tauschen ihren Platz, bleiben aber im Corporate Design des Museums. Was ist passiert? Das Museum Folkwang verlor durch das Naziregime einen gro\u00dfen Teil seiner Sammlung der klassischen Moderne \u2013 ein Deutungsstrang. Klauen die Kuratoren den K\u00fcnstlern die Deutung ihrer Werke durch ihre Auff\u00fchrungspraxis? Ist eine Arbeit verloren, weil sie ihre Interaktion konservatorischen Kriterien unterordnen muss, sobald sie einem musealen Kontext angeh\u00f6rt? Welche Arbeit ist ohne Referenz? Wie eigenst\u00e4ndig ist eine Form? \u2028Alles Fragen, die keiner best\u00e4ndigen Antwort unterliegen. Umso wichtiger, sie zu stellen. Danke Marko Luli\u0107!<\/p>\n","protected":false},"excerpt":{"rendered":"<p>Text zur Ausstellung AUSSTELLEN.\u00a0im Museum Folkwang, Essen Unsre Heimat, \u2028das sind nicht nur die St\u00e4dte und D\u00f6rfer, \u2028unsre Heimat sind auch all die B\u00e4ume im<\/p>\n","protected":false},"author":1,"featured_media":0,"parent":0,"menu_order":0,"comment_status":"closed","ping_status":"closed","template":"","meta":{"footnotes":""},"class_list":["post-556","page","type-page","status-publish","hentry"],"_links":{"self":[{"href":"http:\/\/media-liquid.de\/index.php?rest_route=\/wp\/v2\/pages\/556","targetHints":{"allow":["GET"]}}],"collection":[{"href":"http:\/\/media-liquid.de\/index.php?rest_route=\/wp\/v2\/pages"}],"about":[{"href":"http:\/\/media-liquid.de\/index.php?rest_route=\/wp\/v2\/types\/page"}],"author":[{"embeddable":true,"href":"http:\/\/media-liquid.de\/index.php?rest_route=\/wp\/v2\/users\/1"}],"replies":[{"embeddable":true,"href":"http:\/\/media-liquid.de\/index.php?rest_route=%2Fwp%2Fv2%2Fcomments&post=556"}],"version-history":[{"count":1,"href":"http:\/\/media-liquid.de\/index.php?rest_route=\/wp\/v2\/pages\/556\/revisions"}],"predecessor-version":[{"id":557,"href":"http:\/\/media-liquid.de\/index.php?rest_route=\/wp\/v2\/pages\/556\/revisions\/557"}],"wp:attachment":[{"href":"http:\/\/media-liquid.de\/index.php?rest_route=%2Fwp%2Fv2%2Fmedia&parent=556"}],"curies":[{"name":"wp","href":"https:\/\/api.w.org\/{rel}","templated":true}]}}

Marko Lulić – eine persönliche Annäherung

<p>Text zur Ausstellung <a href="https://www.museum-folkwang.de/de/aktuelles/ausstellungen/archiv/ausstellen.html" target="_blank">AUSSTELLEN</a>. im Museum Folkwang, Essen</p>
<p><em>Unsre Heimat,</em><br />
<em> das sind nicht nur die Städte und Dörfer,</em><br />
<em> unsre Heimat sind auch all die Bäume im Wald. </em></p>
<p><em>Unsre Heimat ist das Gras auf der Wiese,</em><br />
<em> das Korn auf dem Feld und die Vögel in der Luft</em><br />
<em> und die Tiere der Erde und die Fische im Fluß</em><br />
<em> sind die Heimat. </em></p>
<p><em>Und wir lieben die Heimat, die schöne,</em><br />
<em> und wir schützen sie, weil sie dem Volke gehört, </em><br />
<em>weil sie unserem Volke gehört.</em></p>
<p>(Text: Herbert Keller, Komposition: Hans Naumilkat)</p>
<p>Ich habe diese Zeilen gesungen, in einem Land, das es nicht mehr gibt. 2011 stellte ich dieses Lied meiner Freundin vor, die in einem Land lebt, das es noch gibt.</p>
<p>Eine unspezifische Erinnerung brachte mich darauf. Eine Erinnerung an unterschwellige Propaganda: Wurde ich als singendes Kind benutzt und verbreitete gleichzeitig selbst Propaganda? Und wenn ich benutzt wurde – von wem? Von der staatlichen Gewalt?</p>
<p>Als Jungpionier der DDR trug ich eine Fantasieuniform in vermeintlich international-sozialistischer Einheitlichkeit, befolgte Fantasiegebote und war als Mitglied des Klassenrates verantwortlich für die Wandzeitung und die Pflege von Sukkulenten.  Im Gespräch und in der Beschäftigung mit Marko Lulić im Jahr 2013 komme ich wieder auf dieses Lied. Lulićs Arbeiten stolpern durch die Welt, seine Welt, unsre Welt. Er ist Beobachter, Sprecher und Regisseur. „Stolpern“ meint dabei das Aufzeichnen und Bearbeiten, das Analysieren von Reibungsstellen, das Hängenbleiben.</p>
<p>Der Sozialismus hatte in den verschiedenen Staaten verschiedene Ausprägungen. Was bleibt, ist die Erfahrung eines diktatorischen Führungsstils, kommunistischer Überzeugungsarbeit und eines vom Volke ausgehenden Aufstands. Hinzuaddiert sich die Erfahrung der westlichen Welt – und das bewusst im Präsens: Es ist eine tägliche Auseinandersetzung, in einem anderen System zu leben. Ein Mäandern zwischen Kulturdenkmälern, Abrissen und Neubauten, Utopien und deren Ein- oder Nichteinlösung, Menschen aus verschiedenen Zeiten, Stasi und PRISM, Mauern und Schutzwällen, Schlupflöchern. Heute – eine Zeit der Gleichzeitigkeit: Neuaufbau der Frauenkirche in Dresden vs. Abriss des Palastes der Republik (eine Siegergeste?), Putin vs. Pussy Riot, Stephan Balkenhols Holzfiguren aus Pappel vs. Karl-Marx-Monument in Chemnitz, Ernst-Thälmann-Straße vs. Konrad-Adenauer-Ring vs. Kirchplatz vs. Siemensstraße vs. Feldweg vs. Einbahnstraße vs. Autobahn vs. Gleisbett.</p>
<p>Für die Ausstellung AUSSTELLEN hat Marko Lulić eine neue Arbeit realisiert: Auf einer roten Wand steht in weißer Schrift ausstehlen. Es ist hier ganz klar der Bezug zum Museum gewählt: Die Schrift ist im Schnitt der Hausschrift gehalten, Schrift- und Hintergrundfarbe tauschen ihren Platz, bleiben aber im Corporate Design des Museums. Was ist passiert? Das Museum Folkwang verlor durch das Naziregime einen großen Teil seiner Sammlung der klassischen Moderne – ein Deutungsstrang. Klauen die Kuratoren den Künstlern die Deutung ihrer Werke durch ihre Aufführungspraxis? Ist eine Arbeit verloren, weil sie ihre Interaktion konservatorischen Kriterien unterordnen muss, sobald sie einem musealen Kontext angehört? Welche Arbeit ist ohne Referenz? Wie eigenständig ist eine Form?  Alles Fragen, die keiner beständigen Antwort unterliegen. Umso wichtiger, sie zu stellen. Danke Marko Lulić!</p>

<p>Text zur Ausstellung AUSSTELLEN. im Museum Folkwang, Essen Unsre Heimat,  das sind nicht nur die Städte und Dörfer,  unsre Heimat sind auch all die Bäume im</p>
